{"id":1821,"date":"2023-05-26T08:38:59","date_gmt":"2023-05-26T06:38:59","guid":{"rendered":"https:\/\/www.amedi.sk\/?page_id=1821"},"modified":"2023-05-26T09:13:17","modified_gmt":"2023-05-26T07:13:17","slug":"dr-stan","status":"publish","type":"page","link":"https:\/\/www.amedi.sk\/?page_id=1821","title":{"rendered":"Dr. Stan"},"content":{"rendered":"<div class=\"wpb-content-wrapper\"><div class=\"vc_row wpb_row vc_row-fluid\"><div class=\"wpb_column vc_column_container vc_col-sm-12\"><div class=\"vc_column-inner\"><div class=\"wpb_wrapper\">\n\t<div class=\"wpb_text_column wpb_content_element\" >\n\t\t<div class=\"wpb_wrapper\">\n\t\t\t<p>Projekt Dr. Stan m\u00e1 za cie\u013e edukova\u0165 \u0161irok\u00fa verejnos\u0165 o prevencii a lie\u010dbe ochoren\u00ed.<\/p>\n<p>Budova\u0165 vz\u0165ah medzi lek\u00e1rom a pacientom, kde z\u00e1kladom je d\u00f4vera a slu\u0161nos\u0165. Etika, vz\u00e1jomn\u00e1 \u00facta a re\u0161pekt \u2013 na oboch stran\u00e1ch.<\/p>\n\n\t\t<\/div>\n\t<\/div>\n<\/div><\/div><\/div><\/div><div class=\"vc_row wpb_row vc_row-fluid\"><div class=\"wpb_column vc_column_container vc_col-sm-3\"><div class=\"vc_column-inner\"><div class=\"wpb_wrapper\">\n\t<div  class=\"wpb_single_image wpb_content_element vc_align_center wpb_content_element\">\n\t\t\n\t\t<figure class=\"wpb_wrapper vc_figure\">\n\t\t\t<div class=\"vc_single_image-wrapper   vc_box_border_grey\"><img loading=\"lazy\" decoding=\"async\" width=\"300\" height=\"160\" src=\"https:\/\/www.amedi.sk\/wp-content\/uploads\/2023\/05\/dr-stan-brozura2017-300x160.jpg\" class=\"vc_single_image-img attachment-medium\" alt=\"\" title=\"dr-stan-brozura2017\" srcset=\"https:\/\/www.amedi.sk\/wp-content\/uploads\/2023\/05\/dr-stan-brozura2017-300x160.jpg 300w, https:\/\/www.amedi.sk\/wp-content\/uploads\/2023\/05\/dr-stan-brozura2017-768x409.jpg 768w, https:\/\/www.amedi.sk\/wp-content\/uploads\/2023\/05\/dr-stan-brozura2017-585x312.jpg 585w, https:\/\/www.amedi.sk\/wp-content\/uploads\/2023\/05\/dr-stan-brozura2017.jpg 1000w\" sizes=\"auto, (max-width: 300px) 100vw, 300px\" \/><\/div>\n\t\t<\/figure>\n\t<\/div>\n<div class=\"vc_btn3-container vc_btn3-center vc_do_btn\" ><a class=\"vc_general vc_btn3 vc_btn3-size-sm vc_btn3-shape-rounded vc_btn3-style-modern vc_btn3-color-primary\" href=\"https:\/\/www.amedi.sk\/wp-content\/uploads\/2023\/05\/Dr.Stan_brozura_opt.pdf\" title=\"\">Katal\u00f3g 2017<\/a><\/div><\/div><\/div><\/div><div class=\"wpb_column vc_column_container vc_col-sm-3\"><div class=\"vc_column-inner\"><div class=\"wpb_wrapper\">\n\t<div  class=\"wpb_single_image wpb_content_element vc_align_left wpb_content_element\">\n\t\t\n\t\t<figure class=\"wpb_wrapper vc_figure\">\n\t\t\t<div class=\"vc_single_image-wrapper   vc_box_border_grey\"><img loading=\"lazy\" decoding=\"async\" width=\"300\" height=\"160\" src=\"https:\/\/www.amedi.sk\/wp-content\/uploads\/2023\/05\/dr-stan-brozura2018-300x160.jpg\" class=\"vc_single_image-img attachment-medium\" alt=\"\" title=\"dr-stan-brozura2018\" srcset=\"https:\/\/www.amedi.sk\/wp-content\/uploads\/2023\/05\/dr-stan-brozura2018-300x160.jpg 300w, https:\/\/www.amedi.sk\/wp-content\/uploads\/2023\/05\/dr-stan-brozura2018-768x409.jpg 768w, https:\/\/www.amedi.sk\/wp-content\/uploads\/2023\/05\/dr-stan-brozura2018-585x312.jpg 585w, https:\/\/www.amedi.sk\/wp-content\/uploads\/2023\/05\/dr-stan-brozura2018.jpg 1000w\" sizes=\"auto, (max-width: 300px) 100vw, 300px\" \/><\/div>\n\t\t<\/figure>\n\t<\/div>\n<div class=\"vc_btn3-container vc_btn3-center vc_do_btn\" ><a class=\"vc_general vc_btn3 vc_btn3-size-sm vc_btn3-shape-rounded vc_btn3-style-modern vc_btn3-color-primary\" href=\"https:\/\/www.amedi.sk\/wp-content\/uploads\/2023\/05\/katalog-pohoda-2018_A5_NAHLAD.pdf\" title=\"\">Katal\u00f3g 2018<\/a><\/div><\/div><\/div><\/div><div class=\"wpb_column vc_column_container vc_col-sm-3\"><div class=\"vc_column-inner\"><div class=\"wpb_wrapper\">\n\t<div  class=\"wpb_single_image wpb_content_element vc_align_left wpb_content_element\">\n\t\t\n\t\t<figure class=\"wpb_wrapper vc_figure\">\n\t\t\t<div class=\"vc_single_image-wrapper   vc_box_border_grey\"><img loading=\"lazy\" decoding=\"async\" width=\"300\" height=\"160\" src=\"https:\/\/www.amedi.sk\/wp-content\/uploads\/2023\/05\/dr-stan-brozura2019-300x160.jpg\" class=\"vc_single_image-img attachment-medium\" alt=\"\" title=\"dr-stan-brozura2019\" srcset=\"https:\/\/www.amedi.sk\/wp-content\/uploads\/2023\/05\/dr-stan-brozura2019-300x160.jpg 300w, https:\/\/www.amedi.sk\/wp-content\/uploads\/2023\/05\/dr-stan-brozura2019-768x409.jpg 768w, https:\/\/www.amedi.sk\/wp-content\/uploads\/2023\/05\/dr-stan-brozura2019-585x312.jpg 585w, https:\/\/www.amedi.sk\/wp-content\/uploads\/2023\/05\/dr-stan-brozura2019.jpg 1000w\" sizes=\"auto, (max-width: 300px) 100vw, 300px\" \/><\/div>\n\t\t<\/figure>\n\t<\/div>\n<div class=\"vc_btn3-container vc_btn3-center vc_do_btn\" ><a class=\"vc_general vc_btn3 vc_btn3-size-sm vc_btn3-shape-rounded vc_btn3-style-modern vc_btn3-color-primary\" href=\"https:\/\/www.amedi.sk\/wp-content\/uploads\/2023\/05\/DR_STAN_katalog-pohoda-2019_low_res.pdf\" title=\"\">Katal\u00f3g 2019<\/a><\/div><\/div><\/div><\/div><div class=\"wpb_column vc_column_container vc_col-sm-3\"><div class=\"vc_column-inner\"><div class=\"wpb_wrapper\">\n\t<div  class=\"wpb_single_image wpb_content_element vc_align_left wpb_content_element\">\n\t\t\n\t\t<figure class=\"wpb_wrapper vc_figure\">\n\t\t\t<div class=\"vc_single_image-wrapper   vc_box_border_grey\"><img loading=\"lazy\" decoding=\"async\" width=\"300\" height=\"160\" src=\"https:\/\/www.amedi.sk\/wp-content\/uploads\/2023\/05\/dr-stan-brozura2020-300x160.jpg\" class=\"vc_single_image-img attachment-medium\" alt=\"\" title=\"dr-stan-brozura2020\" srcset=\"https:\/\/www.amedi.sk\/wp-content\/uploads\/2023\/05\/dr-stan-brozura2020-300x160.jpg 300w, https:\/\/www.amedi.sk\/wp-content\/uploads\/2023\/05\/dr-stan-brozura2020-768x409.jpg 768w, https:\/\/www.amedi.sk\/wp-content\/uploads\/2023\/05\/dr-stan-brozura2020-585x312.jpg 585w, https:\/\/www.amedi.sk\/wp-content\/uploads\/2023\/05\/dr-stan-brozura2020.jpg 1000w\" sizes=\"auto, (max-width: 300px) 100vw, 300px\" \/><\/div>\n\t\t<\/figure>\n\t<\/div>\n<div class=\"vc_btn3-container vc_btn3-center vc_do_btn\" ><a class=\"vc_general vc_btn3 vc_btn3-size-sm vc_btn3-shape-rounded vc_btn3-style-modern vc_btn3-color-primary\" href=\"https:\/\/www.amedi.sk\/wp-content\/uploads\/2023\/05\/DR_STAN_katalog-2020-low_res.pdf\" title=\"\">Katal\u00f3g 2020<\/a><\/div><\/div><\/div><\/div><\/div><div class=\"vc_row wpb_row vc_row-fluid\"><div class=\"wpb_column vc_column_container vc_col-sm-12\"><div class=\"vc_column-inner\"><div class=\"wpb_wrapper\"><div class=\"vc_separator wpb_content_element vc_separator_align_center vc_sep_width_100 vc_sep_pos_align_center vc_separator_no_text vc_sep_color_grey wpb_content_element  wpb_content_element\" ><span class=\"vc_sep_holder vc_sep_holder_l\"><span class=\"vc_sep_line\"><\/span><\/span><span class=\"vc_sep_holder vc_sep_holder_r\"><span class=\"vc_sep_line\"><\/span><\/span>\n<\/div>\n\t<div class=\"wpb_text_column wpb_content_element\" >\n\t\t<div class=\"wpb_wrapper\">\n\t\t\t<p style=\"text-align: center;\">Web podujatia <a href=\"http:\/\/drstan.sk\/\">www.drstan.sk<\/a><\/p>\n\n\t\t<\/div>\n\t<\/div>\n<\/div><\/div><\/div><\/div><div class=\"vc_row wpb_row vc_row-fluid\"><div class=\"wpb_column vc_column_container vc_col-sm-12\"><div class=\"vc_column-inner\"><div class=\"wpb_wrapper\"><\/div><\/div><\/div><\/div>\n<\/div>","protected":false},"excerpt":{"rendered":"Projekt Dr. Stan m\u00e1 za cie\u013e edukova\u0165 \u0161irok\u00fa verejnos\u0165 o prevencii a lie\u010dbe ochoren\u00ed. Budova\u0165&hellip;","protected":false},"author":22256,"featured_media":0,"parent":0,"menu_order":0,"comment_status":"closed","ping_status":"closed","template":"","meta":{"_lmt_disableupdate":"","_lmt_disable":"","footnotes":""},"class_list":["post-1821","page","type-page","status-publish","hentry"],"_links":{"self":[{"href":"https:\/\/www.amedi.sk\/index.php?rest_route=\/wp\/v2\/pages\/1821","targetHints":{"allow":["GET"]}}],"collection":[{"href":"https:\/\/www.amedi.sk\/index.php?rest_route=\/wp\/v2\/pages"}],"about":[{"href":"https:\/\/www.amedi.sk\/index.php?rest_route=\/wp\/v2\/types\/page"}],"author":[{"embeddable":true,"href":"https:\/\/www.amedi.sk\/index.php?rest_route=\/wp\/v2\/users\/22256"}],"replies":[{"embeddable":true,"href":"https:\/\/www.amedi.sk\/index.php?rest_route=%2Fwp%2Fv2%2Fcomments&post=1821"}],"version-history":[{"count":3,"href":"https:\/\/www.amedi.sk\/index.php?rest_route=\/wp\/v2\/pages\/1821\/revisions"}],"predecessor-version":[{"id":1832,"href":"https:\/\/www.amedi.sk\/index.php?rest_route=\/wp\/v2\/pages\/1821\/revisions\/1832"}],"wp:attachment":[{"href":"https:\/\/www.amedi.sk\/index.php?rest_route=%2Fwp%2Fv2%2Fmedia&parent=1821"}],"curies":[{"name":"wp","href":"https:\/\/api.w.org\/{rel}","templated":true}]}}