{"id":2234,"date":"2026-01-07T09:31:12","date_gmt":"2026-01-07T08:31:12","guid":{"rendered":"https:\/\/www.amedi.sk\/?page_id=2234"},"modified":"2026-01-09T10:29:20","modified_gmt":"2026-01-09T09:29:20","slug":"spoznajme-a-chranme-svoje-srdce-svetovy-den-srdca","status":"publish","type":"page","link":"https:\/\/www.amedi.sk\/?page_id=2234","title":{"rendered":"Spoznajme a chr\u00e1\u0148me svoje srdce (Svetov\u00fd de\u0148 srdca)"},"content":{"rendered":"<div class=\"wpb-content-wrapper\"><div class=\"vc_row wpb_row vc_row-fluid\"><div class=\"wpb_column vc_column_container vc_col-sm-12\"><div class=\"vc_column-inner\"><div class=\"wpb_wrapper\">\n\t<div class=\"wpb_text_column wpb_content_element\" >\n\t\t<div class=\"wpb_wrapper\">\n\t\t\t<p><strong>Spoznajme a chr\u00e1\u0148me svoje srdce: Svetov\u00fd de\u0148 srdca 2025 upozor\u0148uje na v\u00fdznam prevencie<\/strong><\/p>\n<p>Pri pr\u00edle\u017eitosti <strong>25. ro\u010dn\u00edka Svetov\u00e9ho d\u0148a srdca (29. september)<\/strong> sa 23. septembra 2025 v Bratislave uskuto\u010dnila tla\u010dov\u00e1 konferencia <a href=\"https:\/\/events.amedi.sk\/sk\/podujatie\/745\/page\/11231\"><strong>Spoznajme a chr\u00e1\u0148me svoje srdce<\/strong><\/a>, zameran\u00e1 na prevenciu kardiovaskul\u00e1rnych ochoren\u00ed \u2013 naj\u010dastej\u0161ej pr\u00ed\u010diny \u00famrt\u00ed na Slovensku aj vo svete.<\/p>\n<p>Organiz\u00e1torom podujatia bola <a href=\"http:\/\/www.nadaciasrdca.sk\"><strong>Slovensk\u00e1 nad\u00e1cia srdca<\/strong><\/a> v spolupr\u00e1ci so <a href=\"https:\/\/www.sks.sk\/\"><strong>Slovenskou kardiologickou spolo\u010dnos\u0165ou<\/strong><\/a> a pacientskym zdru\u017een\u00edm <a href=\"https:\/\/www.presrdce.eu\/\"><strong>\u00dania pre zdrav\u0161ie srdce<\/strong><\/a>.<\/p>\n\n\t\t<\/div>\n\t<\/div>\n<\/div><\/div><\/div><\/div><div class=\"vc_row wpb_row vc_row-fluid\"><div class=\"wpb_column vc_column_container vc_col-sm-4\"><div class=\"vc_column-inner\"><div class=\"wpb_wrapper\">\n\t<div class=\"wpb_text_column wpb_content_element\" >\n\t\t<div class=\"wpb_wrapper\">\n\t\t\t<h2><strong>Srdce a cievy \u2013 jeden t\u00edm<\/strong><\/h2>\n<p>Spr\u00e1vky\u0148a Slovenskej nad\u00e1cie srdca <strong>MUDr. Ivana \u0160o\u00f3\u0161ov\u00e1, PhD., MPH, FESC<\/strong> v\u00a0\u00favodnom pr\u00edhovore zd\u00f4raznila, \u017ee <strong>80 \u2013 90 % pred\u010dasn\u00fdch infarktov a mozgov\u00fdch pr\u00edhod je mo\u017en\u00e9 odvr\u00e1ti\u0165<\/strong> v\u010faka prevencii, v\u010dasnej diagnostike a zodpovedn\u00e9mu pr\u00edstupu k vlastn\u00e9mu zdraviu.<\/p>\n<p>Tohtoro\u010dn\u00e1 t\u00e9ma <strong>Srdce a cievy \u2013 jeden t\u00edm<\/strong> poukazuje na potrebu spolupr\u00e1ce medzi lek\u00e1rmi, pacientmi, odborn\u00fdmi spolo\u010dnos\u0165ami, in\u0161tit\u00faciami aj verejnos\u0165ou. Prevencia toti\u017e nie je jednorazov\u00e9 rozhodnutie, ale dlhodob\u00fd proces.<\/p>\n<p>Prezident <strong>Slovenskej kardiologickej spolo\u010dnosti<\/strong> <strong>MUDr. Milan Lukn\u00e1r, PhD.,<\/strong> upozornil na alarmuj\u00face \u0161tatistiky: Slovensko patr\u00ed medzi krajiny E\u00da s <strong>najvy\u0161\u0161ou \u00famrtnos\u0165ou na ischemick\u00fa chorobu srdca<\/strong>, ktor\u00e1 viac ne\u017e trojn\u00e1sobne prevy\u0161uje priemer E\u00da.<\/p>\n<p>V\u00fdznam pacientskych organiz\u00e1ci\u00ed a dlhodobej podpory pacientov vyzdvihol aj <strong>Ing. Adri\u00e1n \u010eur\u010dek<\/strong>, prezident <strong>\u00danie pre zdrav\u0161ie srdce<\/strong>. Zdru\u017eenie sa akt\u00edvne podie\u013ea na osvete a vzdel\u00e1van\u00ed pacientov po kardiovaskul\u00e1rnych pr\u00edhod\u00e1ch.<\/p>\n\n\t\t<\/div>\n\t<\/div>\n\n\t<div class=\"wpb_text_column wpb_content_element\" >\n\t\t<div class=\"wpb_wrapper\">\n\t\t\t<h2><strong>Siln\u00fd osobn\u00fd pr\u00edbeh<\/strong><\/h2>\n<p>S\u00fa\u010das\u0165ou konferencie bol aj rozhovor s opern\u00fdm spev\u00e1kom <strong>Miroslavom Dvorsk\u00fdm<\/strong>, ktor\u00fd sa podelil o vlastn\u00fa sk\u00fasenos\u0165 s ochoren\u00edm srdca. Jeho pr\u00edbeh uk\u00e1zal, \u017ee kardiovaskul\u00e1rne ochorenia si nevyberaj\u00fa a \u017ee n\u00e1vrat ku kvalitn\u00e9mu \u017eivotu je mo\u017en\u00fd len v\u010faka v\u010dasnej lie\u010dbe, discipl\u00edne a spolupr\u00e1ci s lek\u00e1rmi.<\/p>\n\n\t\t<\/div>\n\t<\/div>\n<\/div><\/div><\/div><div class=\"wpb_column vc_column_container vc_col-sm-4\"><div class=\"vc_column-inner\"><div class=\"wpb_wrapper\">\n\t<div class=\"wpb_text_column wpb_content_element\" >\n\t\t<div class=\"wpb_wrapper\">\n\t\t\t<h2><strong>Prevencia a lie\u010dba: \u0161anca na dlh\u0161\u00ed a kvalitnej\u0161\u00ed \u017eivot<\/strong><\/h2>\n<p>V odborn\u00fdch predn\u00e1\u0161kach zaznelo, \u017ee kardiovaskul\u00e1rne ochorenia sa \u010dasto rozv\u00edjaj\u00fa potichu a bez v\u00fdrazn\u00fdch pr\u00edznakov.<\/p>\n<p><strong>MUDr. Anna Vachulov\u00e1, PhD.,<\/strong> zd\u00f4raznila v\u00fdznam zdrav\u00e9ho \u017eivotn\u00e9ho \u0161t\u00fdlu, pravideln\u00e9ho pohybu a prevent\u00edvnych prehliadok ako z\u00e1kladnej \u0161ance na dlh\u0161\u00ed a\u00a0kvalitnej\u0161\u00ed \u017eivot.<\/p>\n<p><strong>MUDr. \u013dubo\u0161 Roh\u00e1\u010d<\/strong> upozornil na v\u00e1\u017eny probl\u00e9m nedodr\u017eiavania lie\u010dby. Pacienti si \u010dasto neuvedomuj\u00fa, \u017ee lieky, ktor\u00e9 neprin\u00e1\u0161aj\u00fa okam\u017eit\u00fa \u00fa\u013eavu, <strong>v\u00fdrazne zni\u017euj\u00fa riziko \u010fal\u0161ieho infarktu, cievnej mozgovej pr\u00edhody \u010di \u00famrtia<\/strong>. Pravideln\u00e9 u\u017e\u00edvanie liekov je navy\u0161e podmienkou pr\u00edstupu k inovat\u00edvnej lie\u010dbe.<\/p>\n<p>Na potrebu nezme\u0161ka\u0165 \u201edruh\u00fa \u0161ancu\u201c po infarkte myokardu upozornila <strong>doc. MUDr. Eva Goncalvesov\u00e1, CSc., FESC, FHFA<\/strong>, ktor\u00e1 apelovala na akt\u00edvny pr\u00edstup pacientov k lie\u010dbe a zmene \u017eivotn\u00e9ho \u0161t\u00fdlu.<\/p>\n\n\t\t<\/div>\n\t<\/div>\n\n\t<div class=\"wpb_text_column wpb_content_element\" >\n\t\t<div class=\"wpb_wrapper\">\n\t\t\t<h2><strong>Invest\u00edcia do bud\u00facnosti<\/strong><\/h2>\n<p>\u201eChceme motivova\u0165 \u013eud\u00ed, aby brali starostlivos\u0165 o svoje srdce a cievy ako invest\u00edciu do dlh\u0161ieho a kvalitnej\u0161ieho \u017eivota,\u201c uzatv\u00e1ra MUDr. Ivana \u0160o\u00f3\u0161ov\u00e1.<\/p>\n<p>Dobrou spr\u00e1vou je, \u017ee <strong>v\u00e4\u010d\u0161ine kardiovaskul\u00e1rnych ochoren\u00ed sa d\u00e1 pred\u00eds\u0165<\/strong>. Prevencia, zdrav\u00fd \u017eivotn\u00fd \u0161t\u00fdl a dostupn\u00e1 lie\u010dba s\u00fa k\u013e\u00fa\u010dom k zdrav\u0161iemu srdcu \u2013 a dlh\u0161iemu \u017eivotu.<\/p>\n\n\t\t<\/div>\n\t<\/div>\n<\/div><\/div><\/div><div class=\"wpb_column vc_column_container vc_col-sm-4\"><div class=\"vc_column-inner\"><div class=\"wpb_wrapper\">\n\t<div class=\"wpb_text_column wpb_content_element vc_custom_1767950870560\" >\n\t\t<div class=\"wpb_wrapper\">\n\t\t\t<h2><strong>Svetov\u00fd de\u0148 srdca a sprievodn\u00e9 aktivity<\/strong><\/h2>\n<p>Pri pr\u00edle\u017eitosti <strong>Svetov\u00e9ho d\u0148a srdca 2025<\/strong> sa na Slovensku uskuto\u010dnili viacer\u00e9 sprievodn\u00e9 aktivity:<\/p>\n<p><u>1. predn\u00e1\u0161ky pre \u0161tudentov:<\/u><\/p>\n<p><strong>24. september 2025 | Aula SZU, Bansk\u00e1 Bystrica<\/strong><\/p>\n<p><strong>Ke\u010f sa prevencia za\u010d\u00edna rozhovorom<\/strong><br \/>\nPrezen\u010dn\u00e9 vzdel\u00e1vacie podujatie pre \u0161tudentov zameran\u00e9 na v\u00fdznam prevencie a\u00a0v\u010dasnej diagnostiky.<\/p>\n<p><strong>Program predn\u00e1\u0161ok:<\/strong><\/p>\n<ul>\n<li><strong>\u0160anca pre\u017ei\u0165 dlh\u0161\u00ed a kvalitnej\u0161\u00ed \u017eivot<\/strong><br \/>\nMUDr. Anna Vachulov\u00e1, PhD.<br \/>\nMUDr. Ivana \u0160o\u00f3\u0161ov\u00e1, PhD., MPH, FESC<\/li>\n<li><strong>HPV \u2013 Ako pred\u00eds\u0165 rakovine v\u010faka prevencii?<\/strong><br \/>\nMUDr. Elena Prokopov\u00e1<br \/>\nMUDr. Jozef Dubravick\u00fd, MPH, MSc<\/li>\n<li><strong>Infarkt v tridsiatke? Pre\u010do o tom hovori\u0165 u\u017e v sedemn\u00e1stich<\/strong><br \/>\nMUDr. Mat\u00fa\u0161 Lajmon<\/li>\n<\/ul>\n<p><u>2. verejn\u00e1 prevent\u00edvna akcia:<\/u><\/p>\n<p><strong>27. september 2025 | Aupark Bratislava | 12:00 \u2013 16:00<\/strong><\/p>\n<p><strong>Nau\u010dme sa, ako spozna\u0165 a chr\u00e1ni\u0165 svoje srdce<\/strong><br \/>\nPrezen\u010dn\u00e9 prevent\u00edvne podujatie pre verejnos\u0165 zameran\u00e9 na zvy\u0161ovanie povedomia o\u00a0rizikov\u00fdch faktoroch kardiovaskul\u00e1rnych ochoren\u00ed.<\/p>\n<p><u>3. celoslovensk\u00e1 kampa\u0148 merania krvn\u00e9ho tlaku vo vybran\u00fdch mest\u00e1ch:<\/u><\/p>\n<p><strong>29. september 2025 | vybran\u00e9 mest\u00e1 na Slovensku<br \/>\n<\/strong>(Bratislava, \u017dilina, Ko\u0161ice, Pre\u0161ov, Poprad, Bansk\u00e1 Bystrica, Martin a\u00a0Nitra)<\/p>\n<p><strong>Svetov\u00fd de\u0148 srdca 2025<\/strong><br \/>\nCeloslovensk\u00e1 kampa\u0148 <strong>merania krvn\u00e9ho tlaku<\/strong>, ktorej cie\u013eom je v\u010dasn\u00e9 odhalenie hypertenzie a motiv\u00e1cia k starostlivosti o zdrav\u00e9 srdce.<\/p>\n\n\t\t<\/div>\n\t<\/div>\n<\/div><\/div><\/div><\/div>\n<\/div>","protected":false},"excerpt":{"rendered":"Spoznajme a chr\u00e1\u0148me svoje srdce: Svetov\u00fd de\u0148 srdca 2025 upozor\u0148uje na v\u00fdznam prevencie Pri pr\u00edle\u017eitosti&hellip;","protected":false},"author":22256,"featured_media":2235,"parent":0,"menu_order":0,"comment_status":"closed","ping_status":"closed","template":"","meta":{"_lmt_disableupdate":"no","_lmt_disable":"","footnotes":""},"class_list":["post-2234","page","type-page","status-publish","has-post-thumbnail","hentry"],"_links":{"self":[{"href":"https:\/\/www.amedi.sk\/index.php?rest_route=\/wp\/v2\/pages\/2234","targetHints":{"allow":["GET"]}}],"collection":[{"href":"https:\/\/www.amedi.sk\/index.php?rest_route=\/wp\/v2\/pages"}],"about":[{"href":"https:\/\/www.amedi.sk\/index.php?rest_route=\/wp\/v2\/types\/page"}],"author":[{"embeddable":true,"href":"https:\/\/www.amedi.sk\/index.php?rest_route=\/wp\/v2\/users\/22256"}],"replies":[{"embeddable":true,"href":"https:\/\/www.amedi.sk\/index.php?rest_route=%2Fwp%2Fv2%2Fcomments&post=2234"}],"version-history":[{"count":6,"href":"https:\/\/www.amedi.sk\/index.php?rest_route=\/wp\/v2\/pages\/2234\/revisions"}],"predecessor-version":[{"id":2241,"href":"https:\/\/www.amedi.sk\/index.php?rest_route=\/wp\/v2\/pages\/2234\/revisions\/2241"}],"wp:featuredmedia":[{"embeddable":true,"href":"https:\/\/www.amedi.sk\/index.php?rest_route=\/wp\/v2\/media\/2235"}],"wp:attachment":[{"href":"https:\/\/www.amedi.sk\/index.php?rest_route=%2Fwp%2Fv2%2Fmedia&parent=2234"}],"curies":[{"name":"wp","href":"https:\/\/api.w.org\/{rel}","templated":true}]}}